 3*q - 19 - 26. Determine z(0).
-1
Suppose -3*o + 11 = -1. Let s(c) be the third derivative of -c**5/60 + 5*c**4/24 - c**3/6 - 18*c**2. Calculate s(o).
3
Let d be 1/((-7)/2 + 4). Suppose d*i = -6 - 0. Let j(z) = -z**3 - 4*z**2 - z - 4. Determine j(i).
-10
Let k(o) = 4*o**2 - 3*o. Suppose -5*n = -0 - 10. What is k(n)?
10
Suppose -3*m + 3*o + 6 = 0, 5*o + 9 = m + 3*m. Let w(j) = -4*j - 9*j + 2*j. Calculate w(m).
-11
Let u(d) = -3*d**3 + 5*d**2 + 7*d + 2. Let v(c) = 2*c**3 - 5*c**2 - 6*c - 1. Let h(a) = 3*u(a) + 4*v(a). Let b be 0 + 2 + (2 - 8). Calculate h(b).
-2
Let s(r) = r**2 - 102*r + 2 + 107*r - 5. Give s(-6).
3
Let n(u) = 28*u**3 - 10*u**3 - u**2 - 3*u**2 + 3*u**2. Give n(1).
17
Suppose m = 4*x - 2*x - 13, 0 = -3*x - 2*m + 16. Let i(p) = -3*p + 9. Let n(u) = 7*u - 19. Let t(b) = x*n(b) + 13*i(b). Let d = 13 + -16. What is t(d)?
-6
Let u(l) = l - 8 - 4 + 3. Suppose -2*f + 29 = 29. What is u(f)?
-9
Let a(q) = 3*q - 3. Let o(j) = j**2 + j. Suppose -3*x + 2*x + 9 = 2*t, 3*x + 17 = 5*t. Let h be o(x). Give a(h).
3
Let z be (0 + 1)*0/2. Let s(i) = -i - 3. Determine s(z).
-3
Let s(q) = 11*q**2 - 12*q - 6. Let i(v) = 4*v**2 - 4*v - 2. Let t(r) = -8*i(r) + 3*s(r). Let b(n) = -10*n**2 + 1. Let w be b(1). Let d = w + 14. Determine t(d).
3
Suppose q - 5*z + 5 + 10 = 0, 2*q + 10 = 5*z. Let x = q + -5. Let j(k) = k**2 - 2. What is j(x)?
-2
Let u(a) = -a**3 + 1. Let n(v) = 3*v**3 + 2*v - 4. Let b(i) = -n(i) - 4*u(i). Calculate b(2).
4
Let f(a) be the first derivative of 2 + 4 + a - 3*a**3 + 0. Give f(1).
-8
Let i(l) = -2*l - 9. Let g = -24 + 17. Determine i(g).
5
Suppose j - 4 = -j. Let l(w) = -w**j - 2*w + 4*w + 6*w - 7 + 0*w**2. Determine l(6).
5
Let s = -2 - -5. Suppose -y - 5*i = s*y - 23, -2*i + 10 = 2*y. Let u be -1 - y/(3 - 1). Let p(b) = 2*b**2 + 2*b + 3. What is p(u)?
7
Let l(j) = j**3 + j**2 - 2*j - 3. Suppose -4*a + 10 = -2. Suppose -a = -4*i + 1. Suppose -5*c = -h + 8, 4*c - 3 + i = 5*h. Determine l(c).
-3
Let k(y) = y**3 - 7*y**2 - 9*y + 10. Let p be k(8). Suppose 2 = -2*h - p. Let v be h/(-3)*(-6)/4. Let x(q) = -5*q**2 + q. Determine x(v).
-6
Let t(u) be the third derivative of 1/4*u**4 - 1/3*u**3 + 0 - 3*u**2 + 0*u. Let l be 1/(6/4 + -1). What is t(l)?
10
Let c be -3 - (3 + (-1 - 2)). Let k(z) = -z**2 - 4*z. Give k(c).
3
Let o(q) = -q**3 + 4*q**2 - q - 1. Suppose 4*l - 4 = -4*d, d = 3*l - 0*d - 11. Calculate o(l).
5
Let f(i) = 5*i + 2*i - 7*i**2 - i**3 - 11 + 3*i - 3*i. Calculate f(-8).
-3
Let j(m) be the second derivative of -m**4/12 + 4*m**3/3 - 2*m**2 - m + 13. Calculate j(5).
11
Let z(s) be the second derivative of s**5/20 - s**4/6 - s**3/6 - s**2/2 - 14*s. Let p = 3 - 5. Let j be 0 + (p - 0) - -4. What is z(j)?
-3
Let l(h) be the first derivative of 0*h + 3/2*h**2 + 0*h**4 + 1/10*h**5 - 3 + 1/6*h**3. Let d(t) be the second derivative of l(t). What is d(-1)?
7
Let b(s) be the second derivative of s**3/6 - 2*s**2 + s. Let l be (1/(-4 + 1))/((-2)/30). Give b(l).
1
Let x(j) = j**3 + 2*j - 3. Let u = 4 - 1. Suppose -16 = -k - u*k. Suppose 0*p = -2*p + k. Calculate x(p).
9
Let b(v) = -17*v - 13. Let o(y) = 4*y + 3. Suppose -14 - 10 = -4*j. Let u(h) = j*b(h) + 26*o(h). Give u(-1).
-2
Let f(z) = -z**2 + 1. Let x(m) = 2*m**2 + m - 2. Let a(p) = -5*f(p) - 3*x(p). Give a(-4).
-3
Let m(p) be the second derivative of p**4/12 - p**3/3 + p**2 + 4*p. Give m(2).
2
Let h(p) = -5*p + 1. Let z be h(1). Let w(u) = 3 - 4*u + 0*u**3 + 3*u**2 + 2 + u**3. Determine w(z).
5
Suppose 0 = y - 5*y. Let d(o) = 2*o. Let h be d(1). Let r(w) = -h - w + w**2 + 2 - 1 + w**3. What is r(y)?
-1
Let d(u) = u - 4. Suppose 4*l - 6*l + 20 = 0. Suppose 0 = -5*a - 4*x + 23, 2*x - 26 = -4*a - l. Suppose -s + 2*s = -a*i + 14, -27 = -3*s - 4*i. Give d(s).
1
Let v be (0 + 0 + 6)*-1. Let g(c) = c**3 + 6*c**2 - 4. Calculate g(v).
-4
Let z = 29 - 24. Let v(u) = u**3 - 4*u**2 - 3*u - 3. Determine v(z).
7
Let q(h) = -2*h**2 + 3*h. Let k = -27 - -29. Determine q(k).
-2
Let t(f) = 3*f - 2. Let a = -1 - -3. Let l be t(a). Suppose j = l*j. Let w(y) = y**3 - y - 2. Calculate w(j).
-2
Let o(m) be the first derivative of m**7/840 - m**6/180 - m**5/60 - m**4/8 - m**3/3 - 5. Let t(a) be the third derivative of o(a). Calculate t(3).
0
Suppose -25 = -3*q + 5*h, -q + 25 = -3*q - 5*h. Let k(s) = 3*s**2 + 2*s - 6 - 2*s**2 + 0 - 3*s. What is k(q)?
-6
Suppose m + 2 = 2*v + 7, -10 = 2*v. Suppose 12 = 2*o - 0*o. Let q(x) = -6*x + 15*x**2 - o*x**2 - 1 - 5*x**2 - 5*x**2. Determine q(m).
4
Suppose -2*d = -12 + 2. Let h(b) = b**3 - 4*b**2 - 4*b + 4. Determine h(d).
9
Let a(b) be the second derivative of -b**4/12 - 2*b**3/3 + 7*b**2/2 - 3*b. Let i be a(-5). Let m(p) = 11*p**2 - 10*p**2 + p - 1 - i*p. Determine m(2).
1
Let v = 7 + -3. Let m = -2 + v. Let x(z) be the first derivative of -z**2/2 + z + 1. Determine x(m).
-1
Let n(m) be the third derivative of m**5/60 + m**4/24 - m**3/6 + m**2. Let z(y) = -y**2 + 9*y - 3. Let v be z(9). Give n(v).
5
Let p(n) = n**3 + 4*n**2 - 4*n + 6. Let g be p(-5). Suppose -3 = -2*k + g. Let r(f) = f + 3 + 0*f + f**2 - 3*f. Calculate r(k).
3
Let k(n) = -n**3 + n**2 + 6*n + 1. Let v(x) = 0*x - x + 6*x + 1 + 3*x**3 - 4*x**3. Let i(p) = 4*k(p) - 5*v(p). Suppose 17 = -5*o - 3. Calculate i(o).
3
Suppose 3*w + 2*w = 20. Let q(u) = 2*u - 14. Let v(k) = -k + 7. Let p(h) = 6*q(h) + 13*v(h). What is p(w)?
3
Let j(x) be the first derivative of -x**2/2 - 2*x + 4. Let d(a) = 5*a**2 - a + 1. Let g be d(1). Determine j(g).
-7
Let a(x) = -x**3 + 3*x**2 + 4*x + 2. Let g be a(4). Suppose 0 = -4*z + 2*n + 4, -g*z + 0*z = -4*n - 2. Let q(y) = -5*y + 1. Determine q(z).
-4
Let x be (0 + -1)*(-1 + -4). Let i(d) = -2 - 2*d - d**2 - x + 3*d. Suppose 0 = -2*j - 5*j. Give i(j).
-7
Let a(p) = p**3 - 7*p**2 + 4*p + 2. Let o be ((-5)/(-1) + 1)/1. Determine a(o).
-10
Let y(g) = 2*g - 3. Suppose 3*o + 7 = 1. Let t be 1*(-1 - 0)*o. Give y(t).
1
Let h = 8 - 8. Let a(z) be the second derivative of z**4/12 + z**3/6 - 5*z**2/2 + z. Give a(h).
-5
Let d(b) = -4*b - 7 + 14 + 2*b - 4. Give d(6).
-9
Let a(t) = -21*t + 24. Let p(m) = -10*m + 11. Let x(b) = 6*a(b) - 13*p(b). What is x(-1)?
-3
Let n = 146 + -150. Let b(u) = -u**3 - 4*u**2 - 2*u - 3. Determine b(n).
5
Let x(y) = y**2 - 2*y + 3. Suppose 3*z + 2*t = -t + 12, -2*z + 2*t - 8 = 0. Calculate x(z).
3
Suppose -p = -0*p - 13. Let c(r) = 3*r - 7. Let t(u) = 6*u - 15. Let n(f) = p*c(f) - 6*t(f). What is n(-1)?
-4
Let s(i) = 0*i + 8*i**2 - 3 - 4*i + 8. Let n(g) = -g**2 + g - 1. Suppose -7*a + 3*a - 24 = 0. Let m(v) = a*n(v) - s(v). Calculate m(1).
-3
Let i = 3 - -1. Suppose -18 = -i*y - 6. Let m(u) be the first derivative of u**4/4 - 4*u**3/3 + u**2 - 40. Give m(y).
-3
Let h(y) = 73*y + 2*y**2 - 36*y - 36*y - 3*y**2. What is h(0)?
0
Let n(x) = 7*x**2 - x - 2. Let t(f) = -f**2 + 1. Let s(m) = n(m) + 3*t(m). Determine s(2).
15
Let c(a) be the first derivative of -a**4/4 - 4*a**3/3 - 3*a**2/2 - 3*a - 4. Determine c(-3).
-3
Let c(d) = 5*d**2 + 3*d - 9. Let p(o) be the first derivative of -3*o**3 - 3*o**2 + 17*o - 4. Let v(w) = -7*c(w) - 4*p(w). What is v(-6)?
13
Let i = -11 + 6. Let t(l) = 2*l + 7. Calculate t(i).
-3
Let h(g) = 0*g**3 + g + 5 + g**3 - 5*g**2 - 5 + 3. Determine h(5).
8
Let v(c) = 0 + 6 - 3*c - 3 - c**2. Let s = -346 - -348. Give v(s).
-7
Let z(l) be the third derivative of -l**5/40 - l**4/24 + l**3/3 - 4*l**2. Let j(d) be the first derivative of z(d). Give j(-2).
5
Suppose u = -2*v + 8, 0 = 4*v - 5*u + 12. Suppose 2*a - 2*s = -4, -3*a + 3*s = -a + 8. Let k(i) = a*i**2 - 4*i**v + 0*i**2 + 4*i - 3. What is k(3)?
-9
Let v(w) = -w**3 + 9*w**2 - 10*w - 3. Let x = 36 - 28. Calculate v(x).
-19
Let a be 1 - 4 - (-7)/1. Suppose a*s = s - 5*q + 10, -4*s - 2*q = 10. Let l(d) = d**3 + 5*d**2 + 7. What is l(s)?
7
Let i(g) = 2*g - 1. Suppose 8*r - 6*r - 10 = 0. Let z be (-3)/r - 51/15. What is i(z)?
-9
Let q be (((-28)/(-2))/(-2))/(-1). Let y = q - 13. Let o(k) = k**2 + 6*k + 6. Calculate o(y).
6
Let z(m) = 2*m + 2. Let p be z(3). Let h = p - 11. Let n = 2 - h. Let v(s) = -s**3 + 4*s**2 + 6*s - 5. Calculate v(n).
0
Let x(t) be the first derivative of 7/4*t**4 + 1/2*t**2 - 5 + 0*t + 0*t**3. Give x(1).
8
Let u(d) = -2*d - 38. Let y be u(-17). Let v(k) = -k. Let b(g) = 5*g + 1. Let q(h) = -b(h) - 3*v(h). What is q(y)?
7
Let j(s) be the first derivative of s**4/12 + s**2